 of 32966?
2
What is the units digit of 415?
5
What is the hundreds digit of 27964?
9
What is the thousands digit of 4061?
4
What is the units digit of 35528?
8
What is the hundreds digit of 158396?
3
What is the units digit of 812?
2
What is the hundreds digit of 8650?
6
What is the hundreds digit of 454?
4
What is the tens digit of 751?
5
What is the units digit of 41005?
5
What is the units digit of 638?
8
What is the tens digit of 9706?
0
What is the thousands digit of 2962?
2
What is the hundreds digit of 467?
4
What is the hundreds digit of 975?
9
What is the units digit of 9681?
1
What is the ten thousands digit of 172901?
7
What is the hundreds digit of 2025?
0
What is the thousands digit of 1721?
1
What is the units digit of 13037?
7
What is the thousands digit of 2522?
2
What is the tens digit of 71?
7
What is the thousands digit of 3929?
3
What is the units digit of 84?
4
What is the tens digit of 10885?
8
What is the units digit of 40613?
3
What is the hundreds digit of 1080?
0
What is the thousands digit of 2413?
2
What is the units digit of 92250?
0
What is the hundreds digit of 1073?
0
What is the units digit of 663?
3
What is the thousands digit of 25385?
5
What is the tens digit of 8526?
2
What is the hundreds digit of 3686?
6
What is the hundreds digit of 160833?
8
What is the hundreds digit of 5960?
9
What is the units digit of 4409?
9
What is the tens digit of 1292?
9
What is the units digit of 70192?
2
What is the thousands digit of 3236?
3
What is the tens digit of 3581?
8
What is the thousands digit of 68556?
8
What is the units digit of 42643?
3
What is the hundred thousands digit of 107457?
1
What is the tens digit of 1114?
1
What is the hundreds digit of 1223?
2
What is the units digit of 2478?
8
What is the hundreds digit of 57251?
2
What is the tens digit of 24339?
3
What is the units digit of 2943?
3
What is the units digit of 30300?
0
What is the ten thousands digit of 31079?
3
What is the tens digit of 30?
3
What is the hundreds digit of 2214?
2
What is the tens digit of 5198?
9
What is the thousands digit of 6033?
6
What is the hundreds digit of 5770?
7
What is the hundreds digit of 2313?
3
What is the hundreds digit of 4832?
8
What is the hundred thousands digit of 129786?
1
What is the tens digit of 47604?
0
What is the ten thousands digit of 18295?
1
What is the units digit of 916?
6
What is the hundreds digit of 4248?
2
What is the tens digit of 41?
4
What is the tens digit of 9501?
0
What is the tens digit of 33045?
4
What is the hundreds digit of 2179?
1
What is the units digit of 37075?
5
What is the thousands digit of 2218?
2
What is the hundreds digit of 2543?
5
What is the tens digit of 495?
9
What is the thousands digit of 3578?
3
What is the hundreds digit of 7947?
9
What is the tens digit of 1198?
9
What is the hundreds digit of 48316?
3
What is the units digit of 619?
9
What is the thousands digit of 16052?
6
What is the thousands digit of 116616?
6
What is the ten thousands digit of 11899?
1
What is the hundreds digit of 15157?
1
What is the tens digit of 1510?
1
What is the tens digit of 2226?
2
What is the hundreds digit of 28170?
1
What is the hundreds digit of 21042?
0
What is the ten thousands digit of 10146?
1
What is the units digit of 880?
0
What is the hundreds digit of 55044?
0
What is the hundreds digit of 3664?
6
What is the hundreds digit of 12692?
6
What is the thousands digit of 3857?
3
What is the units digit of 41667?
7
What is the hundreds digit of 411?
4
What is the hundreds digit of 425?
4
What is the units digit of 29114?
4
What is the units digit of 2792?
2
What is the tens digit of 280?
8
What is the units digit of 31464?
4
What is the tens digit of 1471?
7
What is the hundreds digit of 10667?
6
What is the hundreds digit of 2467?
4
What is the tens digit of 147369?
6
What is the units digit of 1446?
6
What is the units digit of 9067?
7
What is the units digit of 66208?
8
What is the units digit of 1774?
4
What is the units digit of 2819?
9
What is the thousands digit of 98949?
8
What is the hundreds digit of 1796?
7
What is the tens digit of 36?
3
What is the units digit of 31003?
3
What is the thousands digit of 46874?
6
What is the units digit of 3885?
5
What is the tens digit of 34155?
5
What is the thousands digit of 17643?
7
What is the units digit of 1324?
4
What is the hundreds digit of 2029?
0
What is the tens digit of 17868?
6
What is the units digit of 1333?
3
What is the units digit of 271?
1
What is the ten thousands digit of 136468?
3
What is the units digit of 20?
0
What is the hundreds digit of 182?
1
What is the hundreds digit of 27808?
8
What is the thousands digit of 2466?
2
What is the units digit of 17407?
7
What is the hundreds digit of 12431?
4
What is the units digit of 1075?
5
What is the units digit of 20053?
3
What is the tens digit of 1620?
2
What is the ten thousands digit of 17162?
1
What is the units digit of 5495?
5
What is the units digit of 407?
7
What is the thousands digit of 2409?
2
What is the units digit of 199?
9
What is the units digit of 355?
5
What is the thousands digit of 7744?
7
What is the hundreds digit of 42229?
2
What is the units digit of 138?
8
What is the hundreds digit of 592?
5
What is the units digit of 79077?
7
What is the hundreds digit of 3470?
4
What is the hundreds digit of 989?
9
What is the units digit of 41?
1
What is the hundreds digit of 30449?
4
What is the ten thousands digit of 27783?
2
What is the thousands digit of 87395?
7
What is the units digit of 1703?
3
What is the hundreds digit of 8127?
1
What is the tens digit of 5135?
3
What is the thousands digit of 116860?
6
What is the units digit of 145?
5
What is the thousands digit of 12857?
2
What is the hundreds digit of 1424?
4
What is the tens digit of 39668?
6
What is the hundreds digit of 501?
5
What is the units digit of 20528?
8
What is the units digit of 3914?
4
What is the units digit of 5268?
8
What is the thousands digit of 1438?
1
What is the thousands digit of 1143?
1
What is the units digit of 1173?
3
What is the tens digit of 5790?
9
What is the hundreds digit of 1140?
1
What is the ten thousands digit of 117702?
1
What is the units digit of 165?
5
What is the units digit of 7099?
9
What is the thousands digit of 11135?
1
What is the tens digit of 22459?
5
What is the tens digit of 9259?
5
What is the thousands digit of 1005?
1
What is the tens digit of 5379?
7
What is the units digit of 1432?
2
What is the units digit of 73734?
4
What is the hundreds digit of 28929?
9
What is the thousands digit of 39207?
9
What is the hundreds digit of 1385?
3
What is the ten thousands digit of 16839?
1
What is the thousands digit of 1272?
1
What is the ten thousands digit of 20881?
2
What is the tens digit of 12495?
9
What is the units digit of 8781?
1
What is the units digit of 3638?
8
What is the ten thousands digit of 38176?
3
What is the units digit of 7338?
8
What is the tens digit of 4141?
4
What is the thousands digit of 70610?
0
What is the units digit of 3907?
7
What is the units digit of 41897?
7
What is the tens digit of 41062?
6
What is the units digit of 367?
7
What is the units digit of 429?
9
What is the thousands digit of 57653?
7
What is the tens digit of 27439?
3
What is the thousands digit of 1609?
1
What is the hundreds digit of 5718?
7
What is the hundreds digit of 371?
3
What is the hundreds digit of 4092?
0
What is the thousands digit of 3439?
3
What is the tens digit of 2125?
2
What is the units digit of 305?
5
What is the ten thousands digit of 18807?
1
What is the hundreds digit of 26606?
6
What is the tens digit of 696?
9
What is the thousands digit of 20255?
0
What is the thousands digit of 4144?
4
What is the tens digit of 68240?
4
What is the thousands digit of 1409?
1
What is the tens digit of 146?
4
What is the thousands digit of 23397?
3
What is the thousands digit of 3480?
3
What is the units digit of 543?
3
What is the units digit of 1733?
3
What is the thousands digit of 2877?
2
What is the hundreds digit of 1541?
5
What is the hundreds digit of 65602?
6
What is the tens digit of 2084?
8
What is the tens digit of 779?
7
What is the tens digit of 491?
9
What is the units digit of 324?
4
What is the units digit of 93